ose -4*x + 5*d = -13, 0 = -2*x + 4*d + 2 - 0. Let h be f(x). Calculate the greatest common divisor of h and 9.
9
Let i(m) = -m**2 + 94*m + 727. Let h be i(-7). Calculate the highest common factor of h and 22150.
10
Suppose 4*g + 4*z = 4716, -3*z - 3604 = -3*g - 61. What is the highest common divisor of 220 and g?
20
Let l be (-11)/3 - 8/6. Let c(o) = o**3 + 6*o**2 - o + 6. Let q be c(l). Let d = 297 - 293. Calculate the highest common factor of q and d.
4
Let g = 3358 - -2070. What is the highest common factor of 92 and g?
92
Suppose -299*a - 40755 = -318*a. Calculate the greatest common factor of 65 and a.
65
Suppose -1259*y + 1262*y - 42 = 0. Let l(w) = -w**3 - 14*w + 11*w + 2*w**3 + 7 - 3*w**2. Let a be l(5). Calculate the highest common factor of a and y.
14
Let v be (2/7)/((-38)/(-133))*2. Suppose -4*w + 212 + 59 = 5*i, -2*w - 112 = -v*i. What is the highest common factor of 44 and i?
11
Let t(v) = -v**2 - 31*v - 73. Let c be t(-11). What is the highest common factor of 39 and c?
3
Suppose -10*y = -118 - 12. Suppose -g - 5*x + 213 = 0, -y*x = 2*g - 14*x - 459. Calculate the greatest common factor of g and 38.
38
Let v(d) = -d**3 - 2*d**2 + 5*d + 4. Let i be v(-3). Let x be i/(-17) + (-61150)/(-425). What is the greatest common factor of 54 and x?
18
Let y(a) = 77*a. Let w be y(2). Suppose -4*r + r + 276 = 4*i, 2*r + 58 = i. Calculate the highest common divisor of i and w.
22
Suppose -2*z = 5*z + 2*z - 193032. Calculate the highest common factor of z and 56.
56
Let r(v) = 11*v**2 - v + 1. Let p be r(1). Let m be 210/45*522/4. Suppose -5*s = 8*k - 12*k - m, 0 = -2*k - 2. What is the highest common factor of s and p?
11
Let r(d) = -6*d - 50. Let n be r(-5). Let k be (-865)/n + (-21)/(-28). Calculate the highest common factor of k and 33.
11
Let k = 57 - 73. Let w(j) = j**3 + 8*j**2 - 22*j - 8. Let n be w(k). Let s be (-4)/(-18) + n/(-108). Calculate the greatest common divisor of s and 56.
8
Suppose 5608 = 6*l + 5164. Let h(a) = -6*a**3 + a**2 + 2*a - 1. Let d be h(-2). Let j = l - d. Calculate the greatest common factor of 243 and j.
27
Suppose 3*g - 7*g + 3136 = 0. Suppose g = 3*v + 4*v. Suppose -16*k = -9*k - v. Calculate the highest common factor of 2 and k.
2
Suppose 102*o - 120905 = -44062 + 58613. Calculate the greatest common factor of o and 32.
16
Let a = -1779 - -2374. Calculate the highest common divisor of 51 and a.
17
Let k(y) = -y**2 - 2*y + 1. Let f be k(1). Let n be (-1)/(f/4 - 0). Suppose -x = -5*h + 20, 4*x - 2*h + 3 = 13. What is the greatest common divisor of x and n?
1
Suppose 172 = -3*h + 46. Let k = 37 + h. Let o be k*(4 + -5) - -4. Calculate the highest common divisor of o and 45.
9
Let j be 3 + 0 + 6 - 5. Suppose 4*l = -20, -5*o + 50 = j*l - 0*l. What is the greatest common divisor of o and 42?
14
Suppose -5*s + 27 + 1362 = -3*w, -5*s = 2*w + 901. Let t = w - -800. Calculate the greatest common factor of 54 and t.
18
Let f = 82 - 74. Let r be (1 + f - 1)*10. Let s = 47 - 15. What is the greatest common factor of s and r?
16
Let j(q) = q + 15. Let f be j(-11). Let p = 76 - 7. Suppose 3*x - 63 = p. What is the highest common divisor of x and f?
4
Let m(i) = -i**2 + 7*i - 6. Let r be m(6). Let j be -8 + 9 + (20 - r). Let y = -14 + j. Calculate the greatest common factor of y and 28.
7
Suppose -5*r = -2*u - 43157, -73*r + u = -68*r - 43161. Calculate the greatest common factor of 97 and r.
97
Suppose -9*s + 42 + 12 = 0. Let p = 28 - 25. Suppose -p*n = 3*v - v - 17, 5*n = 2*v + 23. What is the greatest common divisor of s and v?
1
Let u = 105 + -105. Suppose 2*j - v - 23 = -u*v, 5*v + 7 = j. Let h be (-310)/(-18) - j/54. Calculate the greatest common divisor of 17 and h.
17
Let q = -136 - -146. Suppose 2*v + q = t, 9 = 5*t + 2*v - 5. What is the highest common divisor of 12 and t?
4
Let z(j) = j**2 - 78*j - 2745. Let r be z(-35). Calculate the greatest common factor of r and 110.
110
Let o(y) = 38*y - 335. Let v be o(9). Calculate the highest common factor of 27 and v.
1
Let y(k) = k**3 + 3*k**2 - 146*k. Let i be y(-13). Suppose -m = -4, -46 + 240 = 5*q + m. Let a = i - q. What is the highest common factor of 68 and a?
34
Suppose 0 = -2*p + 5*z - 2*z + 17, 5*z = 2*p - 19. Let s = -20750 - -21009. Calculate the highest common factor of p and s.
7
Let g be 356/28 - ((-150)/35 + 4). Let m(u) = -u**2 + 7*u + 81. Let f be m(g). Calculate the greatest common factor of 291 and f.
3
Let y(i) = 84*i + 8820. Let m be y(-78). What is the greatest common divisor of 5481 and m?
189
Let w(m) = 4*m**2 + m - 3. Let a be w(3). Let y = -383414 - -383570. Calculate the greatest common factor of y and a.
12
Let x be (-93172)/(-35) + (-5)/525*6. Calculate the highest common factor of x and 66.
22
Suppose -18*z + 17709 = 5*z + 689. Calculate the greatest common divisor of z and 80.
20
Let k = -132 - -132. Let d(s) be the third derivative of s**5/60 + s**4/12 + 14*s**3/3 + 5*s**2. Let o be d(k). Calculate the highest common factor of 7 and o.
7
Let i(u) = 4*u**2 + 53*u - 6. Let o be i(-15). What is the highest common factor of o and 1056?
33
Let g be ((-156)/(-10))/((-68)/(-4930)). Calculate the highest common divisor of 117 and g.
39
Let n be (335/(-10))/((-1)/2). Suppose -3*k + 23 = -n. Let r be 202/k*6 - (-4)/(-10). Calculate the greatest common divisor of 20 and r.
20
Suppose -6*c - 124 = 98. Let z = c + 48. Let b = 8 - -14. Calculate the greatest common divisor of z and b.
11
Suppose 5*b + 26*b - 1581 = 0. What is the greatest common divisor of 3315 and b?
51
Let i = 4320 + 2350. Calculate the greatest common factor of 40 and i.
10
Suppose -3*h = -16*a + 12*a + 12, 2*h + 8 = 4*a. Suppose 0 = -4*p - 6 + 26, -4*w - 2*p + 98 = a. Calculate the highest common divisor of w and 55.
11
Let f = -332 - -338. Suppose -2*k = -f, -48*j - 873 = -49*j - 3*k. What is the highest common factor of 96 and j?
96
Suppose -35 = -29*w - 209. Let f be (7/2 - 5)*1240/w. Calculate the greatest common factor of f and 10.
10
Let t(d) = -48*d + 2920. Let m be t(60). What is the greatest common factor of m and 65?
5
Let p = 6481 + -3160. Calculate the highest common factor of p and 9.
9
Suppose -192*w = -153*w - 117. What is the greatest common divisor of w and 579?
3
Let x = -10417 - -10435. Calculate the highest common factor of 17109 and x.
9
Let k = -213 + 217. Suppose -13 = -w + k*y, 5*y = -w + 4*y + 8. What is the greatest common divisor of w and 27?
9
Let g = -106 + 169. Let d = 2287 - 2260. Calculate the greatest common divisor of d and g.
9
Let x(k) be the third derivative of -k**4/24 - k**3/6 - 144*k**2. Let g = -6 + -1. Let s be x(g). What is the highest common divisor of s and 54?
6
Suppose -4*m + 200 = m. Suppose 0 = 4*z - m + 8. Suppose -306 + 86 = -105*y - 5*y. What is the highest common divisor of z and y?
2
Let l be (-432)/60*15/(-6). Let u be (1/1 + 919)*l/45. Calculate the highest common divisor of u and 23.
23
Let h be 1 + 0/1 + 68. Let u(w) = 11902*w + 155094. Let k be u(-13). Calculate the highest common divisor of k and h.
23
Suppose -2*b + 51 = -4*d + 11, 4*b - 4*d - 64 = 0. Suppose 829 = 14*u - 263. What is the greatest common divisor of u and b?
6
Let a(x) = -436*x - 6521. Let i be a(-16). Calculate the highest common divisor of i and 40.
5
Let l = 352 - 236. Let j be 0 - -99 - 2*-1. Let z = j + l. What is the greatest common divisor of 31 and z?
31
Let v be (-12)/258 - 73568/(-817). Let n be 988/3 - 2/(-3). What is the highest common factor of v and n?
30
Let m be (-442)/34*(-1542 + (2 - 3)). What is the greatest common divisor of 13 and m?
13
Let i = 49 - 42. Suppose -d + 115 = 5*l, 3*l - 47 = -i*d + 2*d. Calculate the highest common divisor of 88 and l.
8
Let s = 2893 - 2849. Calculate the highest common divisor of s and 24.
4
Let w(c) = -2*c**3 - 2*c**2 + c - 2. Let a be w(-6). Let i = -30545 - -30577. Calculate the greatest common divisor of a and i.
32
Suppose 4*l = 11*p - 14*p - 11153, 2*p + 7454 = 2*l. Let i be -2*p/136 + (-5)/(-4). What is the greatest common factor of i and 70?
14
Let y be (((-4)/(-30))/(4/(-192)))/((-53)/21995). What is the greatest common divisor of 128 and y?
32
Suppose -5*d + 3*b + 2012 = 0, -148*d + 146*d + 4*b = -788. What is the greatest common factor of d and 1334?
58
Let d(v) = -2*v**3 + 26*v**2 - 13*v